{"id":130,"date":"2011-09-10T12:44:33","date_gmt":"2011-09-10T15:44:33","guid":{"rendered":"http:\/\/scdrj.org.br\/?page_id=130"},"modified":"2022-07-23T14:27:50","modified_gmt":"2022-07-23T17:27:50","slug":"licenciamento-sanitario","status":"publish","type":"page","link":"https:\/\/scdrj.org.br\/2022\/juridico\/vigilancia-sanitaria\/licenciamento-sanitario\/","title":{"rendered":"Licenciamento Sanit\u00e1rio"},"content":{"rendered":"<div id='full_slider_1'  class='avia-fullwidth-slider main_color avia-shadow   avia-builder-el-0  el_before_av_textblock  avia-builder-el-first   container_wrap sidebar_right'  ><div  class='avia-slideshow av-av_slideshow_full-b6ad6f5016cce3c4a8f312d8fa26af64 avia-slideshow-featured av_slideshow_full avia-slide-slider av-slideshow-ui av-control-default av-slideshow-manual av-loop-once av-loop-manual-endless av-default-height-applied   avia-slideshow-1' data-slideshow-options=\"{&quot;animation&quot;:&quot;slide&quot;,&quot;autoplay&quot;:false,&quot;loop_autoplay&quot;:&quot;once&quot;,&quot;interval&quot;:5,&quot;loop_manual&quot;:&quot;manual-endless&quot;,&quot;autoplay_stopper&quot;:false,&quot;noNavigation&quot;:false,&quot;bg_slider&quot;:false,&quot;keep_padding&quot;:false,&quot;hoverpause&quot;:false,&quot;show_slide_delay&quot;:0}\"  itemprop=\"image\" itemscope=\"itemscope\" itemtype=\"https:\/\/schema.org\/ImageObject\" ><ul class='avia-slideshow-inner ' style='padding-bottom: 28.666666666667%;'><li  class='avia-slideshow-slide av-av_slideshow_full-b6ad6f5016cce3c4a8f312d8fa26af64__0  av-single-slide slide-1 slide-odd'><div data-rel='slideshow-1' class='avia-slide-wrap '   ><img decoding=\"async\" class=\"wp-image-3441 avia-img-lazy-loading-not-3441\"  src=\"https:\/\/scdrj.org.br\/2022\/wp-content\/uploads\/2022\/07\/SCDRJ-capa-01-a-e1658452294812-1500x430.jpg\" width=\"1500\" height=\"430\" title='SCDRJ-capa-01-a' alt=''  itemprop=\"thumbnailUrl\"   \/><\/div><\/li><\/ul><\/div><\/div><div id='after_full_slider_1'  class='main_color av_default_container_wrap container_wrap sidebar_right'  ><div class='container av-section-cont-open' ><div class='template-page content  av-content-small alpha units'><div class='post-entry post-entry-type-page post-entry-130'><div class='entry-content-wrapper clearfix'>\n<section  class='av_textblock_section av-av_textblock-c485d65446d5a40a7b5bbc25f444d469'  itemscope=\"itemscope\" itemtype=\"https:\/\/schema.org\/CreativeWork\" ><div class='avia_textblock'  itemprop=\"text\" ><h1 style=\"text-align: justify;\">Licenciamento Sanit\u00e1rio<\/h1>\n<p style=\"text-align: justify;\">VEJA COMO SOLICITAR:\u00a0(CONVENCIONAL)<\/p>\n<p style=\"text-align: justify;\">Local para ingressar com o requerimento do licenciamento:<\/p>\n<p style=\"text-align: justify;\">Protocolo da Vigil\u00e2ncia Sanit\u00e1ria Municipal: Rua do Lavradio,180 \/ 3\u00ba andar \u2013 Centro (9h \u00e0s 16h.)<\/p>\n<p style=\"text-align: justify;\"><strong>Assentimento Sanit\u00e1rio<\/strong><\/p>\n<p style=\"text-align: justify;\">Exigido para consult\u00f3rios odontol\u00f3gicos o seguinte:<\/p>\n<p style=\"text-align: justify;\"><strong>1.<\/strong>\u00a0Formul\u00e1rio de requerimento padr\u00e3o. <a title=\"Formul\u00e1rio requerimento padr\u00e3o\" href=\"http:\/\/www.scdrj.org.br\/download\/requerimento_assentelicencasanitario.pdf\">Baixe aqui<\/a>;<\/p>\n<p style=\"text-align: justify;\"><strong>2.<\/strong>\u00a0Alvar\u00e1 de Localiza\u00e7\u00e3o para Estabelecimento;<\/p>\n<p style=\"text-align: justify;\"><strong>3.<\/strong>\u00a0Prova de habilita\u00e7\u00e3o profissional do requerente e c\u00f3pia da guia de pagamento da anuidade devidamente quitada referente ao ano em que se der o requerimento de licenciamento, expedidas pelo conselho profissional correspondente, quando for o caso;<\/p>\n<p style=\"text-align: justify;\"><strong>4.<\/strong>\u00a0Descri\u00e7\u00e3o da especialidade ou da atividade profissional que ser\u00e1 desenvolvida no local;<\/p>\n<p style=\"text-align: justify;\"><strong>5.<\/strong>\u00a0Rela\u00e7\u00e3o descritiva dos equipamentos e aparelhos existentes para os atendimentos que prestar\u00e1 no consult\u00f3rio;<\/p>\n<p style=\"text-align: justify;\"><strong>6.<\/strong>\u00a0Roteiro de auto-inspe\u00e7\u00e3o espec\u00edfico para a atividade, preenchido e assinado pelo profissional requerente. <a title=\"Roteiro de auto-inspe\u00e7\u00e3o\" href=\"http:\/\/www.scdrj.org.br\/arqsdownloads\/roteiro.rar\">Baixe aqui<\/a>;<\/p>\n<p style=\"text-align: justify;\"><strong>7.<\/strong>\u00a0C\u00f3pia do contrato ou comprovante de coleta seletiva de res\u00edduos infectantes, quando for o caso.<\/p>\n<p style=\"text-align: justify;\"><strong>8.<\/strong>\u00a0Informa\u00e7\u00f5es relativas ao hor\u00e1rio de funcionamento;<\/p>\n<p style=\"text-align: justify;\"><strong>OBS.:<\/strong> No caso dos recursos complementares, em se tratando de aparelhos radiativos ou de radia\u00e7\u00f5es ionizantes dever\u00e3o ser juntados \u00e0 rela\u00e7\u00e3o nele citada, os seguintes documentos:<\/p>\n<p style=\"text-align: justify;\"><strong>9.<\/strong>\u00a0C\u00f3pia do Laudo de Prote\u00e7\u00e3o Radiol\u00f3gica;<\/p>\n<p style=\"text-align: justify;\"><strong>10.<\/strong>\u00a0Termo de Responsabilidade T\u00e9cnica pelos procedimentos radiol\u00f3gicos, expedido pelo profissional correspondente.<\/p>\n<p style=\"text-align: justify;\">A <strong>Taxa de Inspe\u00e7\u00e3o Sanit\u00e1ria TIS<\/strong> (Lei Municipal 3763 , de 02\/06\/04) poder\u00e1 ser paga em toda rede banc\u00e1ria. A emiss\u00e3o da guia de recolhimento pode ser feita pela internet e em Postos de Atendimento, bastando ter o n\u00ba da Inscri\u00e7\u00e3o Municipal indicada no Alvar\u00e1. Durante a an\u00e1lise de documenta\u00e7\u00e3o, a autoridade sanit\u00e1ria poder\u00e1 exigir a apresenta\u00e7\u00e3o dos originais dos documentos para fins de constata\u00e7\u00e3o com as c\u00f3pias fornecidas pelo interessado.<\/p>\n<\/div><\/section>\n","protected":false},"excerpt":{"rendered":"","protected":false},"author":1,"featured_media":0,"parent":122,"menu_order":2,"comment_status":"closed","ping_status":"closed","template":"","meta":{"footnotes":""},"class_list":["post-130","page","type-page","status-publish","hentry"],"_links":{"self":[{"href":"https:\/\/scdrj.org.br\/2022\/wp-json\/wp\/v2\/pages\/130","targetHints":{"allow":["GET"]}}],"collection":[{"href":"https:\/\/scdrj.org.br\/2022\/wp-json\/wp\/v2\/pages"}],"about":[{"href":"https:\/\/scdrj.org.br\/2022\/wp-json\/wp\/v2\/types\/page"}],"author":[{"embeddable":true,"href":"https:\/\/scdrj.org.br\/2022\/wp-json\/wp\/v2\/users\/1"}],"replies":[{"embeddable":true,"href":"https:\/\/scdrj.org.br\/2022\/wp-json\/wp\/v2\/comments?post=130"}],"version-history":[{"count":1,"href":"https:\/\/scdrj.org.br\/2022\/wp-json\/wp\/v2\/pages\/130\/revisions"}],"predecessor-version":[{"id":3548,"href":"https:\/\/scdrj.org.br\/2022\/wp-json\/wp\/v2\/pages\/130\/revisions\/3548"}],"up":[{"embeddable":true,"href":"https:\/\/scdrj.org.br\/2022\/wp-json\/wp\/v2\/pages\/122"}],"wp:attachment":[{"href":"https:\/\/scdrj.org.br\/2022\/wp-json\/wp\/v2\/media?parent=130"}],"curies":[{"name":"wp","href":"https:\/\/api.w.org\/{rel}","templated":true}]}}