{"id":1384,"date":"2012-09-18T16:35:03","date_gmt":"2012-09-18T19:35:03","guid":{"rendered":"http:\/\/scdrj.org.br\/?page_id=1384"},"modified":"2022-07-22T09:29:15","modified_gmt":"2022-07-22T12:29:15","slug":"responsabilidade-civil-e-pericia-judicial","status":"publish","type":"page","link":"https:\/\/scdrj.org.br\/2022\/responsabilidade-civil-e-pericia-judicial\/","title":{"rendered":"Responsabilidade civil e per\u00edcia judicial"},"content":{"rendered":"<div id='full_slider_1'  class='avia-fullwidth-slider main_color avia-shadow   avia-builder-el-0  el_before_av_textblock  avia-builder-el-first   container_wrap sidebar_right'  ><div  class='avia-slideshow av-6actjs-f5a36c478e12eb71671deb9798102688 avia-slideshow-featured av_slideshow_full avia-slide-slider av-slideshow-ui av-control-default av-slideshow-manual av-loop-once av-loop-manual-endless av-default-height-applied   avia-slideshow-1' data-slideshow-options=\"{&quot;animation&quot;:&quot;slide&quot;,&quot;autoplay&quot;:false,&quot;loop_autoplay&quot;:&quot;once&quot;,&quot;interval&quot;:5,&quot;loop_manual&quot;:&quot;manual-endless&quot;,&quot;autoplay_stopper&quot;:false,&quot;noNavigation&quot;:false,&quot;bg_slider&quot;:false,&quot;keep_padding&quot;:false,&quot;hoverpause&quot;:false,&quot;show_slide_delay&quot;:0}\"  itemprop=\"image\" itemscope=\"itemscope\" itemtype=\"https:\/\/schema.org\/ImageObject\" ><ul class='avia-slideshow-inner ' style='padding-bottom: 28.666666666667%;'><li  class='avia-slideshow-slide av-6actjs-f5a36c478e12eb71671deb9798102688__0  av-single-slide slide-1 slide-odd'><div data-rel='slideshow-1' class='avia-slide-wrap '   ><img decoding=\"async\" class=\"wp-image-3441 avia-img-lazy-loading-not-3441\"  src=\"https:\/\/scdrj.org.br\/2022\/wp-content\/uploads\/2022\/07\/SCDRJ-capa-01-a-e1658452294812-1500x430.jpg\" width=\"1500\" height=\"430\" title='SCDRJ-capa-01-a' alt=''  itemprop=\"thumbnailUrl\"   \/><\/div><\/li><\/ul><\/div><\/div><div id='after_full_slider_1'  class='main_color av_default_container_wrap container_wrap sidebar_right'  ><div class='container av-section-cont-open' ><div class='template-page content  av-content-small alpha units'><div class='post-entry post-entry-type-page post-entry-1384'><div class='entry-content-wrapper clearfix'>\n<section  class='av_textblock_section av-2szsew-fbc7711b1ff8e2004e9166651a4c514c'  itemscope=\"itemscope\" itemtype=\"https:\/\/schema.org\/CreativeWork\" ><div class='avia_textblock'  itemprop=\"text\" ><h1><strong>Responsabilidade civil e per\u00edcia judicial<\/strong><\/h1>\n<p style=\"text-align: justify;\">\u00a0\u00a0\u00a0\u00a0 O jur\u00eddico sindical obteve uma expressiva conquista em rela\u00e7\u00e3o \u00e0s a\u00e7\u00f5es ajuizadas por clientes contra os cirurgi\u00f5es-dentistas, no \u00e2mbito da Justi\u00e7a C\u00edvel.<\/p>\n<p style=\"text-align: justify;\">\u00a0\u00a0\u00a0\u00a0 Tais a\u00e7\u00f5es s\u00e3o cada vez mais comuns, tendo o C\u00f3digo de Defesa do Consumidor como referencial.<\/p>\n<p style=\"text-align: justify;\">\u00a0\u00a0\u00a0\u00a0 O pedido do cliente est\u00e1 sempre relacionado \u00e0 alega\u00e7\u00e3o de que o profissional deve responder pecuniariamente com base na responsabilidade civil.<\/p>\n<p style=\"text-align: justify;\">\u00a0\u00a0\u00a0\u00a0 Ocorre por\u00e9m que para verifica\u00e7\u00e3o de culpa, \u00e9 indispens\u00e1vel a realiza\u00e7\u00e3o de per\u00edcia t\u00e9cnica, cujo os honor\u00e1rios vinham sendo pagos pelo r\u00e9u (o cirurgi\u00e3o-dentista), em raz\u00e3o da tese de invers\u00e3o do \u00f4nus da prova sustentada pelos autores da a\u00e7\u00e3o.<\/p>\n<p style=\"text-align: justify;\">\u00a0\u00a0\u00a0\u00a0 Trocando em mi\u00fados, o pagamento da per\u00edcia era transferido para a parte r\u00e9 cujos honor\u00e1rios s\u00e3o sempre elevados.<\/p>\n<p style=\"text-align: justify;\">\u00a0\u00a0\u00a0\u00a0 Diante desta realidade o jur\u00eddico sindical sustentou na Justi\u00e7a o fato de que o cirurgi\u00e3o-dentista \u00e9 profissional liberal (pessoa f\u00edsica e n\u00e3o pessoa jur\u00eddica) e, em muitos casos, mantendo com dificuldades seu consult\u00f3rio, afastando assim a denominada hipossufici\u00eancia do autor em rela\u00e7\u00e3o ao r\u00e9u, cujo amparo encontra-se no Art. 14, \u00a7 4\u00ba, do C\u00f3digo de Defesa do Consumidor.<\/p>\n<p style=\"text-align: justify;\">\u00a0\u00a0\u00a0\u00a0 Resumindo; atualmente a Justi\u00e7a t\u00eam reconhecido o direito de que n\u00e3o \u00e9 obriga\u00e7\u00e3o dos profissionais arcarem com os honor\u00e1rios periciais. Se n\u00e3o comprovada a condi\u00e7\u00e3o de hipossufici\u00eancia do autor, o Juiz nomear\u00e1 os peritos da Divis\u00e3o de Peritos Judiciais (DIPEJ).<\/p>\n<p style=\"text-align: justify;\">\u00a0\u00a0\u00a0\u00a0 Seis cirurgi\u00f5es-dentistas sindicalizados j\u00e1 foram beneficiados com essa decis\u00e3o.<\/p>\n<p style=\"text-align: justify;\">\u00a0\u00a0\u00a0\u00a0 O <strong>SCDRJ<\/strong> tem alertado aos sindicalizados que estejam sempre atentos as normas \u00e9ticas e t\u00e9cnicas, quanto ao planejamento e execu\u00e7\u00e3o do tratamento, indistintamente com quaisquer clientes. Freq\u00fcentemente o <a href=\"https:\/\/www.cro-rj.org.br\/noticias\">CRORJ Not\u00edcias<\/a> publica orienta\u00e7\u00f5es sobre o tema. Basta ler e se proteger.<\/p>\n<\/div><\/section>\n","protected":false},"excerpt":{"rendered":"","protected":false},"author":1,"featured_media":0,"parent":0,"menu_order":0,"comment_status":"closed","ping_status":"closed","template":"","meta":{"footnotes":""},"class_list":["post-1384","page","type-page","status-publish","hentry"],"_links":{"self":[{"href":"https:\/\/scdrj.org.br\/2022\/wp-json\/wp\/v2\/pages\/1384","targetHints":{"allow":["GET"]}}],"collection":[{"href":"https:\/\/scdrj.org.br\/2022\/wp-json\/wp\/v2\/pages"}],"about":[{"href":"https:\/\/scdrj.org.br\/2022\/wp-json\/wp\/v2\/types\/page"}],"author":[{"embeddable":true,"href":"https:\/\/scdrj.org.br\/2022\/wp-json\/wp\/v2\/users\/1"}],"replies":[{"embeddable":true,"href":"https:\/\/scdrj.org.br\/2022\/wp-json\/wp\/v2\/comments?post=1384"}],"version-history":[{"count":3,"href":"https:\/\/scdrj.org.br\/2022\/wp-json\/wp\/v2\/pages\/1384\/revisions"}],"predecessor-version":[{"id":3510,"href":"https:\/\/scdrj.org.br\/2022\/wp-json\/wp\/v2\/pages\/1384\/revisions\/3510"}],"wp:attachment":[{"href":"https:\/\/scdrj.org.br\/2022\/wp-json\/wp\/v2\/media?parent=1384"}],"curies":[{"name":"wp","href":"https:\/\/api.w.org\/{rel}","templated":true}]}}