{"id":56,"date":"2011-08-26T13:46:34","date_gmt":"2011-08-26T16:46:34","guid":{"rendered":"http:\/\/localhost\/wordpress\/scdrj\/?page_id=56"},"modified":"2022-07-22T22:58:08","modified_gmt":"2022-07-23T01:58:08","slug":"nossa-historia","status":"publish","type":"page","link":"https:\/\/scdrj.org.br\/2022\/nossa-historia\/","title":{"rendered":"Nossa Hist\u00f3ria"},"content":{"rendered":"<div id='full_slider_1'  class='avia-fullwidth-slider main_color avia-shadow   avia-builder-el-0  el_before_av_textblock  avia-builder-el-first   container_wrap sidebar_right'  ><div  class='avia-slideshow av-l5vrigqn-335c6df25db9df0919edfb77c3ce753f avia-slideshow-featured av_slideshow_full avia-slide-slider av-slideshow-ui av-control-default av-slideshow-manual av-loop-once av-loop-manual-endless av-default-height-applied   avia-slideshow-1' data-slideshow-options=\"{&quot;animation&quot;:&quot;slide&quot;,&quot;autoplay&quot;:false,&quot;loop_autoplay&quot;:&quot;once&quot;,&quot;interval&quot;:5,&quot;loop_manual&quot;:&quot;manual-endless&quot;,&quot;autoplay_stopper&quot;:false,&quot;noNavigation&quot;:false,&quot;bg_slider&quot;:false,&quot;keep_padding&quot;:false,&quot;hoverpause&quot;:false,&quot;show_slide_delay&quot;:0}\"  itemprop=\"image\" itemscope=\"itemscope\" itemtype=\"https:\/\/schema.org\/ImageObject\" ><ul class='avia-slideshow-inner ' style='padding-bottom: 28.666666666667%;'><li  class='avia-slideshow-slide av-l5vrigqn-335c6df25db9df0919edfb77c3ce753f__0  av-single-slide slide-1 slide-odd'><div data-rel='slideshow-1' class='avia-slide-wrap '   ><img decoding=\"async\" class=\"wp-image-3441 avia-img-lazy-loading-not-3441\"  src=\"https:\/\/scdrj.org.br\/2022\/wp-content\/uploads\/2022\/07\/SCDRJ-capa-01-a-e1658452294812-1500x430.jpg\" width=\"1500\" height=\"430\" title='SCDRJ-capa-01-a' alt=''  itemprop=\"thumbnailUrl\"   \/><\/div><\/li><\/ul><\/div><\/div><div id='after_full_slider_1'  class='main_color av_default_container_wrap container_wrap sidebar_right'  ><div class='container av-section-cont-open' ><div class='template-page content  av-content-small alpha units'><div class='post-entry post-entry-type-page post-entry-56'><div class='entry-content-wrapper clearfix'>\n<section  class='av_textblock_section av-14muo-bbb308d4d2c15551b11d6a6ceae764c2'  itemscope=\"itemscope\" itemtype=\"https:\/\/schema.org\/CreativeWork\" ><div class='avia_textblock'  itemprop=\"text\" ><h1 style=\"text-align: center;\">Nossa Hist\u00f3ria<\/h1>\n<h3 style=\"text-align: center;\"><em>Uma Viagem no tempo<\/em><\/h3>\n<p style=\"text-align: left;\"><strong><em>O in\u00edcio<\/em><\/strong><\/p>\n<p style=\"text-align: justify;\">\u00a0\u00a0\u00a0\u00a0<span style=\"font-size: medium;\"> A hist\u00f3ria do <strong>SINDICATO DOS CIRURGI\u00d5ES-DENTISTAS NO ESTADO DO RIO DE JANEIRO<\/strong> foi constru\u00edda na ebuli\u00e7\u00e3o da Hist\u00f3ria do Brasil. Uma trajet\u00f3ria riqu\u00edssima de lutas, conquistas e personagens que deixaram um legado inestim\u00e1vel de amor \u00e0 odontologia.<\/span><\/p>\n<p style=\"text-align: justify;\"><span style=\"font-size: medium;\">\u00a0\u00a0\u00a0\u00a0 Surgida em 1911 a Associa\u00e7\u00e3o Central Brasileira de Cirurgi\u00f5es-Dentistas, teve como fundador Frederico Carlos Eyer, um \u00edcone da odontologia da \u00e9poca, sendo ent\u00e3o editado o primeiro jornal sindical odontol\u00f3gico sobre o t\u00edtulo de <em>Boletim Odontol\u00f3gico<\/em>. Em 1922, sua denomina\u00e7\u00e3o foi substitu\u00edda por Associa\u00e7\u00e3o dos Dentistas Brasileiro, com sede na rua Paulo de Frontin, 128, no Catumbi.<\/span><\/p>\n<p style=\"text-align: justify;\"><span style=\"font-size: medium;\">\u00a0\u00a0\u00a0\u00a0 Com o fim da Primeira Guerra, a pol\u00edtica nacional fervilhava, social e culturalmente, per\u00edodo em que o sindicato realizou dezenas de congressos nacionais e internacionais, preocupado com a forma\u00e7\u00e3o t\u00e9cnica dos cirurgi\u00f5es-dentistas, com a preven\u00e7\u00e3o e o acesso da popula\u00e7\u00e3o ao tratamento odontol\u00f3gico.<\/span><\/p>\n<p style=\"text-align: justify;\"><span style=\"font-size: medium;\">\u00a0\u00a0\u00a0\u00a0 <a href=\"http:\/\/scdrj.org.br\/wp-content\/uploads\/2011\/08\/Foto1_Nossa-Hist\u00f3ria.jpg\"><img loading=\"lazy\" decoding=\"async\" class=\"size-full wp-image-526 alignleft\" title=\"Foto1_Nossa Hist\u00f3ria\" src=\"http:\/\/scdrj.org.br\/wp-content\/uploads\/2011\/08\/Foto1_Nossa-Hist\u00f3ria.jpg\" alt=\"\" width=\"278\" height=\"182\" \/><\/a>Em abril de 1925, Frederico Eyer funda na rua do Washington Luiz, 128, no Centro do Rio, a Assist\u00eancia Dent\u00e1ria Zeferino D\u00b4Oliveira que durante d\u00e9cadas desenvolveu um excelente trabalho pedag\u00f3gico-dent\u00e1rio atendendo a milhares de crian\u00e7as pobres. A obra idealizada por Eyer, infelizmente encerrou suas atividades na d\u00e9cada de 70.<\/span><\/p>\n<p style=\"text-align: justify;\"><span style=\"font-size: medium;\">\u00a0\u00a0\u00a0\u00a0 Frederico Eyer foi tamb\u00e9m, fundador e presidente da Federa\u00e7\u00e3o Odontol\u00f3gica Brasileira em meados da d\u00e9cada de 30, quando se inicia a grande campanha nacional contra os dentistas pr\u00e1ticos.<\/span><\/p>\n<p><em>\u00a0<\/em><\/p>\n<p style=\"text-align: justify;\"><a href=\"http:\/\/scdrj.org.br\/wp-content\/uploads\/2011\/08\/Foto2_Nossa-Hist\u00f3ria.jpg\"><img loading=\"lazy\" decoding=\"async\" class=\"alignleft size-full wp-image-528\" title=\"Foto2_Nossa Hist\u00f3ria\" src=\"http:\/\/scdrj.org.br\/wp-content\/uploads\/2011\/08\/Foto2_Nossa-Hist\u00f3ria.jpg\" alt=\"\" width=\"130\" height=\"131\" \/><\/a>\u00a0\u00a0\u00a0\u00a0 <span style=\"font-size: medium;\">Com o fim da Rep\u00fablica Velha e a posse de Get\u00falio Vargas em 1930, os sindicatos assumem o papel de leg\u00edtimos defensores de suas categorias de trabalhadores. A ent\u00e3o Associa\u00e7\u00e3o dos Cirurgi\u00f5es-Dentistas transforma-se no Syndicato Odontol\u00f3gico Brasileiro (com y mesmo), com sede provis\u00f3ria na rua dos Ourives, 52, no Centro, sob a presid\u00eancia de Arist\u00f3teles Coutinho. Sustentando o lema <strong><em>\u201c\u00c9 dever de todo o cirurgi\u00e3o-dentista fazer parte do Sindicato Odontol\u00f3gico Brasileiro, o grande baluarte da classe!\u201d.<\/em><\/strong> Mais tarde transferiu-se para avenida Presidente Wilson, 118, 1\u00ba andar, sendo ent\u00e3o presidido pelo ent\u00e3o professor Chryso Fontes.<\/span><\/p>\n<p style=\"text-align: justify;\"><span style=\"font-size: medium;\"><a href=\"http:\/\/scdrj.org.br\/wp-content\/uploads\/2011\/08\/Foto3_Nossa-Hist\u00f3ria.jpg\"><img loading=\"lazy\" decoding=\"async\" class=\"size-full wp-image-529 alignright\" title=\"Foto3_Nossa Hist\u00f3ria\" src=\"http:\/\/scdrj.org.br\/wp-content\/uploads\/2011\/08\/Foto3_Nossa-Hist\u00f3ria.jpg\" alt=\"\" width=\"248\" height=\"186\" \/><\/a>\u00a0\u00a0\u00a0\u00a0 Em 11 de abril de 1931, Get\u00falio Vargas edita o decreto 19.852, surgindo assim a figura do dentista pr\u00e1tico, sem forma\u00e7\u00e3o te\u00f3rica e t\u00e9cnica dos quais muitos eram analfabetos. A decis\u00e3o de Vargas tinha fins unicamente eleitoreiros.<\/span><\/p>\n<p style=\"text-align: justify;\"><span style=\"font-size: medium;\">\u00a0\u00a0\u00a0\u00a0 Em 22 de fevereiro de 1932 \u00e9 editado o decreto 21.073 que regula definitivamente o exerc\u00edcio da odontologia pelos dentistas pr\u00e1ticos licenciados no Distrito Federal.<\/span><\/p>\n<p style=\"text-align: justify;\"><span style=\"font-size: medium;\">\u00a0\u00a0\u00a0\u00a0 A guerra estava declarada.<\/span><\/p>\n<p style=\"text-align: justify;\"><span style=\"font-size: medium;\">\u00a0\u00a0\u00a0\u00a0 De Norte a Sul, de Leste a Oeste, os cirurgi\u00f5es-dentistas unem-se contra a ilegalidade da ditadura Vargas. O Sindicato Odontol\u00f3gico Brasileiro agiganta-se. O Pal\u00e1cio do Catete, sede do Governo Federal, passa a ser freq\u00fcentado por comiss\u00f5es de cirurgi\u00f5es-dentistas do sindicato exigindo de Vargas a revoga\u00e7\u00e3o do decreto que amparava a figura do pr\u00e1tico licenciado.<\/span><\/p>\n<p style=\"text-align: justify;\"><span style=\"font-size: medium;\">\u00a0\u00a0\u00a0\u00a0 Em 1932 \u00e9 fundado o Instituto Brasileiro de Estomatologia do Distrito Federal, com sede na avenida Mem de S\u00e1, 197, presidido por Carlos Newlands e tendo como secret\u00e1rio geral Plinio Senna, um dos fundadores do sindicato.<\/span><\/p>\n<p style=\"text-align: justify;\"><span style=\"font-size: medium;\">\u00a0\u00a0\u00a0\u00a0 As d\u00e9cadas de 30 e 40 s\u00e3o marcadas por campanhas, den\u00fancias e crises envolvendo desde a reforma no ensino odontol\u00f3gico, fraudes nas elei\u00e7\u00f5es sindicais, disputas por cargos na faculdade de odontologia da Universidade do Brasil e o apadrinhamento para ingressar no servi\u00e7o p\u00fablico.<\/span><\/p>\n<p style=\"text-align: justify;\"><span style=\"font-size: medium;\">\u00a0\u00a0\u00a0\u00a0 A campanha contra os pr\u00e1ticos por\u00e9m, constitui-se na grande bandeira da luta sindical.<\/span><\/p>\n<p style=\"text-align: justify;\"><span style=\"font-size: medium;\">\u00a0\u00a0\u00a0\u00a0 Levantam-se as vozes das lideran\u00e7as jovens e combativas que, com seus artigos, ocupam as p\u00e1ginas dos principais jornais da \u00e9poca como o Imparcial, o Di\u00e1rio de Not\u00edcias, o Jornal do Brasil, o Di\u00e1rio Carioca, O Globo, a Vanguarda, O Radical, A Noite, a Folha da Manh\u00e3, a P\u00e1tria, entre outros.<\/span><\/p>\n<p style=\"text-align: justify;\"><span style=\"font-size: medium;\">\u00a0\u00a0\u00a0\u00a0 Nomes como o de Nathaldo Borges Alexandre, Ernesto Salles Cunha, Silvestre G. Filho, Pascoal M. Coutinho, Plinio Senna, Arist\u00f3teles Coutinho, Seabra J\u00fanior, Orlandino Prado, Xavier de Britto, Abelardo de Britto, Jos\u00e9 de Luca, Frederico Eyer, Alexandrino Agra, Francia Junior, Julio Ferreira Caminha, Ferreira Alves, Agrippino Ether, Hidelbrando Braga,Chryso Fontes, Lauro S. Rosado, Fernando Soares Brand\u00e3o, Joaquim Ottoni Benedito J\u00fanior, Wladimir Pereira de Souza, Orlando Chevitaresse, Charley Fayal de Lyra, Ant\u00f4nio Ribeiro Filho e tantos outros transitavam nas reda\u00e7\u00f5es e nos corredores dos governos, da C\u00e2mara Federal e do Senado determinados a consolidar o exerc\u00edcio legal da odontologia nas bases t\u00e9cnico-cient\u00edficas adquiridas na universidade.<\/span><\/p>\n<p style=\"text-align: justify;\"><span style=\"font-size: medium;\">\u00a0<\/span><\/p>\n<p style=\"text-align: justify;\"><span style=\"font-size: large;\"><em><strong>Nathaldo, o aguerrido<\/strong><\/em><\/span><\/p>\n<p style=\"text-align: justify;\"><a href=\"http:\/\/scdrj.org.br\/wp-content\/uploads\/2011\/08\/Foto4_Nossa-Hist\u00f3ria.jpg\"><img loading=\"lazy\" decoding=\"async\" class=\"alignleft size-full wp-image-531\" title=\"Foto4_Nossa Hist\u00f3ria\" src=\"http:\/\/scdrj.org.br\/wp-content\/uploads\/2011\/08\/Foto4_Nossa-Hist\u00f3ria.jpg\" alt=\"\" width=\"230\" height=\"171\" \/><\/a>\u00a0\u00a0\u00a0<span style=\"font-size: medium;\">\u00a0 Na batalha pelo fim do dentista pr\u00e1tico, sobressai em 1933, o epis\u00f3dio em que o ent\u00e3o presidente do sindicato, Nathaldo Alexandre, um ferrenho defensor da odontologia cient\u00edfica, solicita ao ministro da Marinha informa\u00e7\u00f5es sobre a contrata\u00e7\u00e3o de um dentista pr\u00e1tico nomeado para exercer suas fun\u00e7\u00f5es nas Escolas de Aprendizes de Marinheiro no estado de Pernambuco.<\/span><\/p>\n<p style=\"text-align: justify;\"><span style=\"font-size: medium;\">\u00a0\u00a0\u00a0\u00a0 Na resposta, o ent\u00e3o vice-almirante Tancredo Gomensoro, Diretor Geral do Ensino Naval, d\u00e1 uma justificativa pouco convincente que provoca no presidente do Sindicato Odontol\u00f3gico Brasileiro uma indisfar\u00e7\u00e1vel decep\u00e7\u00e3o.<\/span><\/p>\n<p style=\"text-align: justify;\"><span style=\"font-size: medium;\">\u00a0<a href=\"http:\/\/scdrj.org.br\/wp-content\/uploads\/2011\/08\/Foto5_Nossa-Hist\u00f3ria.jpg\"><img loading=\"lazy\" decoding=\"async\" class=\"size-full wp-image-532 alignright\" title=\"Foto5_Nossa Hist\u00f3ria\" src=\"http:\/\/scdrj.org.br\/wp-content\/uploads\/2011\/08\/Foto5_Nossa-Hist\u00f3ria.jpg\" alt=\"\" width=\"246\" height=\"182\" \/><\/a>\u00a0\u00a0\u00a0 Em 1934, Frederico Eyer exp\u00f5e a Nathaldo Alexandre sua pretens\u00e3o de concorrer a uma vaga de deputado federal para ampliar a luta contra os pr\u00e1ticos. A an\u00e1lise do quadro pol\u00edtico da \u00e9poca e o apoio ao candidato feito por Nathaldo, constituem-se numa obra-prima da historiografia odontol\u00f3gica, expressa em carta de 10 de novembro de 1934 que encontra-se nos arquivos do <strong>SCDRJ<\/strong>.<\/span><\/p>\n<p style=\"text-align: justify;\"><span style=\"font-size: medium;\">\u00a0\u00a0\u00a0\u00a0 Nathaldo foi, juntamente com outros importantes sindicalistas da \u00e9poca, um dos mais destacados respons\u00e1veis pelo fim do pr\u00e1tico licenciado, o que s\u00f3 ocorreu bem mais tarde, quando a maioria desses combatentes j\u00e1 estavam aposentados.<\/span><\/p>\n<p style=\"text-align: justify;\"><em><span style=\"font-size: large;\"><strong>As trevas da Rep\u00fablica<\/strong><\/span><\/em><\/p>\n<p style=\"text-align: justify;\">\u00a0\u00a0\u00a0\u00a0 <span style=\"font-size: medium;\">Em maio de 1943, em plena ditadura Vargas \u00e9 editada a Consolida\u00e7\u00e3o das Leis do Trabalho, subordinando os sindicatos \u00e0 tutela do Estado.<\/span><\/p>\n<p style=\"text-align: justify;\"><span style=\"font-size: medium;\">\u00a0\u00a0\u00a0\u00a0 Durante os anos seguintes, o Brasil viveu in\u00fameras e intensas convuls\u00f5es pol\u00edtico-sociais, tendo os sindicatos o papel de agente catalisador da maioria delas. Os trabalhadores ganham for\u00e7a no contexto nacional, conquistando leis importantes que perduram at\u00e9 hoje.<\/span><\/p>\n<p style=\"text-align: justify;\"><span style=\"font-size: medium;\">\u00a0\u00a0\u00a0\u00a0 Em 1964, instala-se um regime de exce\u00e7\u00e3o que suprime os direitos individuais, fecha o Congresso Nacional, invade os sindicatos submetendo suas atividades a rigoroso controle: s\u00e3o os tempos de chumbo.<\/span><\/p>\n<p style=\"text-align: justify;\"><span style=\"font-size: medium;\">\u00a0\u00a0\u00a0\u00a0 Sob a denomina\u00e7\u00e3o de Sindicato dos Odontologistas no Estado da Guanabara, o sindicato tem seus estatutos, sua contabilidade e suas elei\u00e7\u00f5es controladas pelo Minist\u00e9rio do Trabalho, per\u00edodo em que volta suas a\u00e7\u00f5es para realiza\u00e7\u00e3o de congressos, festas sociais e atividades dissociadas das lutas trabalhistas.<\/span><\/p>\n<p style=\"text-align: justify;\"><span style=\"font-size: large;\"><strong><em>A redemocratiza\u00e7\u00e3o<\/em><\/strong><\/span><\/p>\n<p style=\"text-align: justify;\">\u00a0<span style=\"font-size: medium;\">\u00a0\u00a0\u00a0 Em 1979, a sociedade organizada conquista a anistia ampla geral e irrestrita.<\/span><\/p>\n<p style=\"text-align: justify;\"><span style=\"font-size: medium;\">\u00a0\u00a0\u00a0\u00a0 V\u00e1rias lideran\u00e7as sindicais cassadas pelo regime militar ou que estavam no ex\u00edlio, retornam ao pa\u00eds. A vida sindical retoma o seu f\u00f4lego. O pa\u00eds marcha para a democracia.<\/span><\/p>\n<p style=\"text-align: justify;\"><span style=\"font-size: medium;\">\u00a0\u00a0\u00a0\u00a0 H\u00e1 quarenta anos trabalhando no SCDRJ, o escritur\u00e1rio Jos\u00e9 Seme\u00e3o \u00e9 testemunha dos mais importantes fatos ocorridos no SCD nas quatro \u00faltimas d\u00e9cadas: <em>\u201co quartel-general dos sindicalistas daquela \u00e9poca era o Restaurante Paisano que, ficava ao lado do Edif\u00edcio S\u00e3o Borja, onde se localiza a sede do sindicato. Ali se reuniam at\u00e9 a madrugada, militantes das mais diversas categorias sindicais que, entre um chope e outro, planejavam a realiza\u00e7\u00e3o de greves e passeatas\u201d,<\/em> recorda.<\/span><\/p>\n<p style=\"text-align: justify;\"><span style=\"font-size: medium;\">\u00a0\u00a0\u00a0\u00a0 Os anos 80 marcaram as campanhas pelas Diretas J\u00e1 e a convoca\u00e7\u00e3o da Assembl\u00e9ia Nacional Constituinte, culminando com a promulga\u00e7\u00e3o da Constitui\u00e7\u00e3o de 1988 e com o fim da interfer\u00eancia do Minist\u00e9rio do Trabalho nos sindicatos.<\/span><\/p>\n<p style=\"text-align: justify;\"><span style=\"font-size: medium;\">\u00a0\u00a0\u00a0\u00a0 A partir de 1992, o sindicato realizou dezenas de diss\u00eddios coletivos, quintuplicou o espa\u00e7o f\u00edsico de sua sede, criou o Centro de Estudos e Atualiza\u00e7\u00e3o Profissional, dinamizou seu jornal TRIBUNA ODONTOL\u00d3GICA, obteve vit\u00f3rias em milhares de a\u00e7\u00f5es trabalhistas, voltando suas a\u00e7\u00f5es para a valoriza\u00e7\u00e3o do trabalho odontol\u00f3gico e da dignidade do cirurgi\u00e3o-dentista.<\/span><\/p>\n<p style=\"text-align: justify;\"><span style=\"font-size: medium;\">\u00a0\u00a0\u00a0\u00a0 Em 1994, a entidade passou a denominar-se <strong>SINDICATO DOS CIRURGI\u00d5ES-DENTISTAS NO ESTADO DO RIO DE JANEIRO<\/strong>, conforme preconiza o Conselho Federal de Odontologia.<\/span><\/p>\n<p style=\"text-align: justify;\"><span style=\"font-size: medium;\">\u00a0\u00a0\u00a0\u00a0 Ao completar 100 anos de fato e 80 oficialmente, o SCDRJ continua reproduzindo as lutas das antigas lideran\u00e7as. \u00c9 \u00f3bvio que o mundo e o Brasil, mudaram. A globaliza\u00e7\u00e3o contudo, imp\u00f5e regras impiedosas para a rela\u00e7\u00e3o capital x trabalho. O ensino revestiu-se do manto da comercializa\u00e7\u00e3o, insistindo no modelo tecnicista, onde o humano passa ao largo. Faltam lideran\u00e7as e sobram oportunistas de todos os matizes. Mas ainda assim \u00e9 preciso n\u00e3o esmorecer, confiar no Brasil, na sua forma\u00e7\u00e3o \u00e9tica e na capacidade de rea\u00e7\u00e3o do seu povo.<\/span><\/p>\n<p style=\"text-align: justify;\"><span class=\"Apple-style-span\" style=\"line-height: 27px; font-size: large;\"><strong><em>Ontem e sempre<\/em><\/strong><\/span><\/p>\n<p style=\"text-align: justify;\"><span style=\"font-size: medium;\">\u00a0<span class=\"Apple-style-span\">\u00a0\u00a0\u00a0 <span style=\"font-size: medium;\">\u00a0Fernando Pessoa em sua genialidade, afirma que \u201ctudo vale a pena se a alma n\u00e3o \u00e9 pequena\u201d.<\/span><\/span><\/span><\/p>\n<p style=\"text-align: justify;\"><span style=\"font-size: medium;\">\u00a0 \u00a0 \u00a0Escrever sobre a hist\u00f3ria do sindicato \u00e9 como se estivesse sentado na poltrona de um trem m\u00e1gico vendo passar pela janela fatos, pessoas e seus sonhos.<\/span><\/p>\n<p style=\"text-align: justify;\"><span style=\"font-size: medium;\">\u00a0 \u00a0 \u00a0Num pa\u00eds em que a preserva\u00e7\u00e3o da mem\u00f3ria nacional \u00e9 objeto de descaso, torna-se privil\u00e9gio ter contato com documentos que resistiram ao tempo e a sanha destrutiva da insensibilidade daqueles que deviam preserv\u00e1-los.<\/span><\/p>\n<p style=\"text-align: justify;\"><span style=\"font-size: medium;\">\u00a0 \u00a0 \u00a0H\u00e1 cerca de dois anos, por ocasi\u00e3o de uma reforma feita no s\u00f3t\u00e3o do SCD, encontrei algumas caixas e pastas em avan\u00e7ado estado de decomposi\u00e7\u00e3o; efeito implac\u00e1vel do tempo. S\u00e3o documentos preciosos que revelam com fidelidade acontecimentos incandescentes que ano a ano consolidaram a exist\u00eancia das mais importantes entidades da odontologia em nosso estado.<\/span><\/p>\n<p style=\"text-align: justify;\"><span style=\"font-size: medium;\">\u00a0 \u00a0 \u00a0Muita coisa se perdeu, mas felizmente o que se salvou ser\u00e1 eternizado.<\/span><\/p>\n<p style=\"text-align: justify;\"><span style=\"font-size: medium;\">\u00a0 \u00a0 \u00a0S\u00e3o pequenas conjura\u00e7\u00f5es e seus respectivos pr\u00f3ceres, dos mais diversos matizes ideol\u00f3gicos. Ali\u00e1s, em se tratando de convencimento pol\u00edtico ou o que seja, isso \u00e9 o que menos importa quando se trata do interesse coletivo.<\/span><\/p>\n<p style=\"text-align: justify;\"><span style=\"font-size: medium;\">\u00a0 \u00a0 \u00a0No caso vertente, o \u00fanico interesse que moveu os personagens que participaram desta grande cena na primeira metade do s\u00e9culo XX, foi a odontologia.<\/span><\/p>\n<p style=\"text-align: justify;\"><span style=\"font-size: medium;\">\u00a0 \u00a0 \u00a0Este modesto texto acima, nada mais \u00e9 do que a tentativa de prestar o merecido reconhecimento a todos os cirurgi\u00f5es-dentistas que, an\u00f4nimos ou n\u00e3o, com maior ou menor participa\u00e7\u00e3o, deram sua contribui\u00e7\u00e3o para projetar a odontologia brasileira na dimens\u00e3o t\u00e9cnico-cient\u00edfica e de expressiva import\u00e2ncia para a sa\u00fade da popula\u00e7\u00e3o. A eles o nosso eterno reconhecimento.<\/span><\/p>\n<p style=\"text-align: justify;\"><span style=\"font-size: medium;\"><strong>\u00a0 \u00a0 \u00a0Parab\u00e9ns ao SCDRJ<\/strong>. O presente justificando o passado.<\/span><\/p>\n<p style=\"text-align: center;\"><span style=\"font-size: medium;\"><strong>Sindicato dos Cirurgi\u00f5es-Dentistas\/RJ<\/strong><\/span><\/p>\n<\/div><\/section>\n","protected":false},"excerpt":{"rendered":"","protected":false},"author":1,"featured_media":0,"parent":0,"menu_order":0,"comment_status":"closed","ping_status":"closed","template":"","meta":{"footnotes":""},"class_list":["post-56","page","type-page","status-publish","hentry"],"_links":{"self":[{"href":"https:\/\/scdrj.org.br\/2022\/wp-json\/wp\/v2\/pages\/56","targetHints":{"allow":["GET"]}}],"collection":[{"href":"https:\/\/scdrj.org.br\/2022\/wp-json\/wp\/v2\/pages"}],"about":[{"href":"https:\/\/scdrj.org.br\/2022\/wp-json\/wp\/v2\/types\/page"}],"author":[{"embeddable":true,"href":"https:\/\/scdrj.org.br\/2022\/wp-json\/wp\/v2\/users\/1"}],"replies":[{"embeddable":true,"href":"https:\/\/scdrj.org.br\/2022\/wp-json\/wp\/v2\/comments?post=56"}],"version-history":[{"count":21,"href":"https:\/\/scdrj.org.br\/2022\/wp-json\/wp\/v2\/pages\/56\/revisions"}],"predecessor-version":[{"id":3530,"href":"https:\/\/scdrj.org.br\/2022\/wp-json\/wp\/v2\/pages\/56\/revisions\/3530"}],"wp:attachment":[{"href":"https:\/\/scdrj.org.br\/2022\/wp-json\/wp\/v2\/media?parent=56"}],"curies":[{"name":"wp","href":"https:\/\/api.w.org\/{rel}","templated":true}]}}