{"id":63,"date":"2011-09-10T11:02:40","date_gmt":"2011-09-10T14:02:40","guid":{"rendered":"http:\/\/scdrj.org.br\/?page_id=63"},"modified":"2022-07-22T08:58:02","modified_gmt":"2022-07-22T11:58:02","slug":"o-que-e-honorario-profissional","status":"publish","type":"page","link":"https:\/\/scdrj.org.br\/2022\/o-que-e-honorario-profissional\/","title":{"rendered":"O QUE \u00c9 HONOR\u00c1RIO PROFISSIONAL?"},"content":{"rendered":"<div id='full_slider_1'  class='avia-fullwidth-slider main_color avia-shadow   avia-builder-el-0  el_before_av_textblock  avia-builder-el-first   container_wrap sidebar_right'  ><div  class='avia-slideshow av-av_slideshow_full-b6ad6f5016cce3c4a8f312d8fa26af64 avia-slideshow-featured av_slideshow_full avia-slide-slider av-slideshow-ui av-control-default av-slideshow-manual av-loop-once av-loop-manual-endless av-default-height-applied   avia-slideshow-1' data-slideshow-options=\"{&quot;animation&quot;:&quot;slide&quot;,&quot;autoplay&quot;:false,&quot;loop_autoplay&quot;:&quot;once&quot;,&quot;interval&quot;:5,&quot;loop_manual&quot;:&quot;manual-endless&quot;,&quot;autoplay_stopper&quot;:false,&quot;noNavigation&quot;:false,&quot;bg_slider&quot;:false,&quot;keep_padding&quot;:false,&quot;hoverpause&quot;:false,&quot;show_slide_delay&quot;:0}\"  itemprop=\"image\" itemscope=\"itemscope\" itemtype=\"https:\/\/schema.org\/ImageObject\" ><ul class='avia-slideshow-inner ' style='padding-bottom: 28.666666666667%;'><li  class='avia-slideshow-slide av-av_slideshow_full-b6ad6f5016cce3c4a8f312d8fa26af64__0  av-single-slide slide-1 slide-odd'><div data-rel='slideshow-1' class='avia-slide-wrap '   ><img decoding=\"async\" class=\"wp-image-3441 avia-img-lazy-loading-not-3441\"  src=\"https:\/\/scdrj.org.br\/2022\/wp-content\/uploads\/2022\/07\/SCDRJ-capa-01-a-e1658452294812-1500x430.jpg\" width=\"1500\" height=\"430\" title='SCDRJ-capa-01-a' alt=''  itemprop=\"thumbnailUrl\"   \/><\/div><\/li><\/ul><\/div><\/div><div id='after_full_slider_1'  class='main_color av_default_container_wrap container_wrap sidebar_right'  ><div class='container av-section-cont-open' ><div class='template-page content  av-content-small alpha units'><div class='post-entry post-entry-type-page post-entry-63'><div class='entry-content-wrapper clearfix'>\n<section  class='av_textblock_section av-av_textblock-c485d65446d5a40a7b5bbc25f444d469'  itemscope=\"itemscope\" itemtype=\"https:\/\/schema.org\/CreativeWork\" ><div class='avia_textblock'  itemprop=\"text\" ><h1 style=\"text-align: justify;\">O QUE \u00c9 HONOR\u00c1RIO PROFISSIONAL?<\/h1>\n<p style=\"text-align: justify;\">Muitos cirurgi\u00f5es-dentistas confundem honor\u00e1rio com pre\u00e7o. Pre\u00e7o \u00e9 o custo unit\u00e1rio de uma mercadoria ou de um trabalho posto \u00e0 venda. Honor\u00e1rio \u00e9 a retribui\u00e7\u00e3o aos que exercem uma profiss\u00e3o liberal como cirurgi\u00f5es-dentistas, m\u00e9dicos, advogados, psic\u00f3logos, etc.<\/p>\n<p style=\"text-align: justify;\">Os honor\u00e1rios n\u00e3o se expressam apenas em pec\u00fania. Podem ser representados pelas mais diversas formas l\u00edcitas arbitradas mutuamente entre profissional e paciente.<\/p>\n<p style=\"text-align: justify;\">J\u00e1 o pre\u00e7o est\u00e1 relacionado com o universo da venda de mercadorias e de servi\u00e7os de diversas naturezas (mec\u00e2nico de carros, pintor, engraxate, etc).<\/p>\n<p style=\"text-align: justify;\">Ocorre que, com o processo de mercantiliza\u00e7\u00e3o imposto pelos conv\u00eanios e credenciamentos, o tratamento odontol\u00f3gico, por exemplo, transformou-se em simples mercadoria como uma geladeira ou um quilo de a\u00e7\u00facar. O profissional deixou de ser o arbitro mensurador da import\u00e2ncia de aplica\u00e7\u00e3o de sua, digamos, arte ou t\u00e9cnica. Esta caracter\u00edstica existente at\u00e9 fins da d\u00e9cada de 60 foi substitu\u00edda pela universaliza\u00e7\u00e3o das malditas tabelas de conv\u00eanios odontol\u00f3gicos. E o pior; a expressiva maioria das entidades representativas da odontologia e da medicina contribui para que esta pr\u00e1tica imposta pelos planos de sa\u00fade se consolide cada vez mais.<\/p>\n<p style=\"text-align: justify;\">Esta dura realidade que, ao que tudo indica, parece irrevers\u00edvel, s\u00f3 tem como \u00fanica sa\u00edda a melhoria dos servi\u00e7os de sa\u00fade realizados na rede p\u00fablica e o progressivo desmantelamento das empresas privadas que exploram este apetitoso mercado.<\/p>\n<\/div><\/section>\n","protected":false},"excerpt":{"rendered":"","protected":false},"author":1,"featured_media":0,"parent":0,"menu_order":0,"comment_status":"closed","ping_status":"closed","template":"","meta":{"footnotes":""},"class_list":["post-63","page","type-page","status-publish","hentry"],"_links":{"self":[{"href":"https:\/\/scdrj.org.br\/2022\/wp-json\/wp\/v2\/pages\/63","targetHints":{"allow":["GET"]}}],"collection":[{"href":"https:\/\/scdrj.org.br\/2022\/wp-json\/wp\/v2\/pages"}],"about":[{"href":"https:\/\/scdrj.org.br\/2022\/wp-json\/wp\/v2\/types\/page"}],"author":[{"embeddable":true,"href":"https:\/\/scdrj.org.br\/2022\/wp-json\/wp\/v2\/users\/1"}],"replies":[{"embeddable":true,"href":"https:\/\/scdrj.org.br\/2022\/wp-json\/wp\/v2\/comments?post=63"}],"version-history":[{"count":1,"href":"https:\/\/scdrj.org.br\/2022\/wp-json\/wp\/v2\/pages\/63\/revisions"}],"predecessor-version":[{"id":3503,"href":"https:\/\/scdrj.org.br\/2022\/wp-json\/wp\/v2\/pages\/63\/revisions\/3503"}],"wp:attachment":[{"href":"https:\/\/scdrj.org.br\/2022\/wp-json\/wp\/v2\/media?parent=63"}],"curies":[{"name":"wp","href":"https:\/\/api.w.org\/{rel}","templated":true}]}}