{"id":71,"date":"2011-09-10T11:10:02","date_gmt":"2011-09-10T14:10:02","guid":{"rendered":"http:\/\/scdrj.org.br\/?page_id=71"},"modified":"2022-07-22T09:00:03","modified_gmt":"2022-07-22T12:00:03","slug":"o-que-e-contribuinte-individual","status":"publish","type":"page","link":"https:\/\/scdrj.org.br\/2022\/o-que-e-contribuinte-individual\/","title":{"rendered":"O QUE \u00c9 CONTRIBUINTE INDIVIDUAL?"},"content":{"rendered":"<div id='full_slider_1'  class='avia-fullwidth-slider main_color avia-shadow   avia-builder-el-0  el_before_av_textblock  avia-builder-el-first   container_wrap sidebar_right'  ><div  class='avia-slideshow av-av_slideshow_full-b6ad6f5016cce3c4a8f312d8fa26af64 avia-slideshow-featured av_slideshow_full avia-slide-slider av-slideshow-ui av-control-default av-slideshow-manual av-loop-once av-loop-manual-endless av-default-height-applied   avia-slideshow-1' data-slideshow-options=\"{&quot;animation&quot;:&quot;slide&quot;,&quot;autoplay&quot;:false,&quot;loop_autoplay&quot;:&quot;once&quot;,&quot;interval&quot;:5,&quot;loop_manual&quot;:&quot;manual-endless&quot;,&quot;autoplay_stopper&quot;:false,&quot;noNavigation&quot;:false,&quot;bg_slider&quot;:false,&quot;keep_padding&quot;:false,&quot;hoverpause&quot;:false,&quot;show_slide_delay&quot;:0}\"  itemprop=\"image\" itemscope=\"itemscope\" itemtype=\"https:\/\/schema.org\/ImageObject\" ><ul class='avia-slideshow-inner ' style='padding-bottom: 28.666666666667%;'><li  class='avia-slideshow-slide av-av_slideshow_full-b6ad6f5016cce3c4a8f312d8fa26af64__0  av-single-slide slide-1 slide-odd'><div data-rel='slideshow-1' class='avia-slide-wrap '   ><img decoding=\"async\" class=\"wp-image-3441 avia-img-lazy-loading-not-3441\"  src=\"https:\/\/scdrj.org.br\/2022\/wp-content\/uploads\/2022\/07\/SCDRJ-capa-01-a-e1658452294812-1500x430.jpg\" width=\"1500\" height=\"430\" title='SCDRJ-capa-01-a' alt=''  itemprop=\"thumbnailUrl\"   \/><\/div><\/li><\/ul><\/div><\/div><div id='after_full_slider_1'  class='main_color av_default_container_wrap container_wrap sidebar_right'  ><div class='container av-section-cont-open' ><div class='template-page content  av-content-small alpha units'><div class='post-entry post-entry-type-page post-entry-71'><div class='entry-content-wrapper clearfix'>\n<section  class='av_textblock_section av-av_textblock-c485d65446d5a40a7b5bbc25f444d469'  itemscope=\"itemscope\" itemtype=\"https:\/\/schema.org\/CreativeWork\" ><div class='avia_textblock'  itemprop=\"text\" ><h1 style=\"text-align: justify;\">O QUE \u00c9 CONTRIBUINTE INDIVIDUAL?<\/h1>\n<p style=\"text-align: justify;\">CONTRIBUINTE INDIVIDUAL \u00e9 aquele que trabalha por conta pr\u00f3pria (aut\u00f4nomo). S\u00e3o os empres\u00e1rios, os prestadores de servi\u00e7os de natureza eventual a empresas, cirurgi\u00f5es-dentistas sem v\u00ednculo empregat\u00edcio que trabalham exclusivamente no consult\u00f3rio. Enfim, s\u00e3o todos aqueles que recebem remunera\u00e7\u00f5es decorrentes de suas atividades (urbana ou rural). Esses profissionais podem e devem se inscrever no Sistema da Previd\u00eancia Social (p\u00fablica ou privada) recolhendo suas contribui\u00e7\u00f5es de recursos pr\u00f3prios, estando assim amparados tanto pelo sistema previdenci\u00e1rio p\u00fablico (INSS) ou privados, obrigando-se a cumprir as regras estabelecidas por tais sistemas ou planos de previd\u00eancia.<\/p>\n<\/div><\/section>\n","protected":false},"excerpt":{"rendered":"","protected":false},"author":1,"featured_media":0,"parent":0,"menu_order":0,"comment_status":"closed","ping_status":"closed","template":"","meta":{"footnotes":""},"class_list":["post-71","page","type-page","status-publish","hentry"],"_links":{"self":[{"href":"https:\/\/scdrj.org.br\/2022\/wp-json\/wp\/v2\/pages\/71","targetHints":{"allow":["GET"]}}],"collection":[{"href":"https:\/\/scdrj.org.br\/2022\/wp-json\/wp\/v2\/pages"}],"about":[{"href":"https:\/\/scdrj.org.br\/2022\/wp-json\/wp\/v2\/types\/page"}],"author":[{"embeddable":true,"href":"https:\/\/scdrj.org.br\/2022\/wp-json\/wp\/v2\/users\/1"}],"replies":[{"embeddable":true,"href":"https:\/\/scdrj.org.br\/2022\/wp-json\/wp\/v2\/comments?post=71"}],"version-history":[{"count":1,"href":"https:\/\/scdrj.org.br\/2022\/wp-json\/wp\/v2\/pages\/71\/revisions"}],"predecessor-version":[{"id":3505,"href":"https:\/\/scdrj.org.br\/2022\/wp-json\/wp\/v2\/pages\/71\/revisions\/3505"}],"wp:attachment":[{"href":"https:\/\/scdrj.org.br\/2022\/wp-json\/wp\/v2\/media?parent=71"}],"curies":[{"name":"wp","href":"https:\/\/api.w.org\/{rel}","templated":true}]}}